 t?
18
Let t(w) = -w**3 + 9*w**2 - 5*w - 8. Let k be t(8). Suppose 0*g = -2*g + k. Let j = 75 + -59. Calculate the greatest common divisor of g and j.
8
Let y(g) = -10*g - 140. Let q be y(-15). What is the greatest common divisor of 165 and q?
5
Suppose 0 = -q + 7 + 1. Suppose -5*n + 44 = w - 10, -3*w = -2*n + q. Let d = 132 - 112. Calculate the greatest common divisor of n and d.
10
Suppose -z + 28 = 16. What is the highest common factor of 408 and z?
12
Suppose 0 = -41*w + 29764 - 8731. What is the greatest common factor of 19 and w?
19
Suppose 0 = -b - 2*d + 3, -3*b - 3*d + 18 = -6*b. Let c be 238 + 1*9/b. What is the greatest common divisor of 47 and c?
47
Suppose o = -5*f + 9, 5*f + 0*o = o + 11. Let k(g) = 5*g**2 - 3 + 7 + f*g - g. Let d be k(-2). What is the highest common factor of 176 and d?
22
Let b(a) = -a**2 - 17*a - 29. Let f be b(-10). What is the highest common factor of f and 779?
41
Suppose 2 + 14 = 8*u. Suppose -5*a - u = -7. Calculate the greatest common divisor of 8 and a.
1
Let b = -340 - -352. What is the highest common factor of 1644 and b?
12
Let m(z) = 59*z**2 - 7*z - 10. Let n be m(2). Calculate the greatest common factor of n and 265.
53
Let z be 6 - (-93 - (-21)/(-3) - -6). What is the highest common factor of z and 325?
25
Suppose -130*y - 54 = -132*y. What is the highest common factor of 63 and y?
9
Suppose 50 - 690 = -16*o. Suppose o*z - 38*z - 42 = 0. What is the greatest common factor of z and 21?
21
Let k = -292 + 459. Suppose -5*t = 3*u - k, -6*t + 9*t + 3*u = 99. What is the greatest common factor of t and 34?
34
Let i = 4 - -16. Let h be (1 - (-7)/3)*(-144)/(-48). Calculate the highest common factor of i and h.
10
Let j be 96/7 + 6/21. Let p(l) = -11*l - 27. Let g(s) = -s**3 - 8*s**2 - 12*s - 5. Let q be g(-6). Let f be p(q). What is the highest common factor of f and j?
14
Let l(f) = 3*f**2 - 5*f. Let v be l(2). Let h(w) = 2*w**3 + 2*w - 4. Let r be h(v). What is the greatest common divisor of 8 and r?
8
Let i be 4/(-6)*99/(-3). Suppose -7 = 5*s - i. Let b(t) = t**2 + 3*t + 33. Let p be b(0). Calculate the greatest common factor of p and s.
3
Let j be (-3*(-8)/30)/(1/5). Suppose -q = 3*t - 39, -2*t = j*q - 89 - 57. Calculate the highest common divisor of 396 and q.
36
Suppose -2*d + 0*d = -28. Let s be 376/(-56) + (-4)/d. Let j = s - -23. What is the greatest common factor of j and 112?
16
Suppose 2 = -2*b - 0*u + 2*u, -9 = -3*u. Let v be 4/b + 0/1. Let r = 458 - 456. What is the highest common factor of r and v?
2
Suppose -9*b - 2*b = 0. Suppose -2*g - 3 + 13 = b. Calculate the highest common divisor of g and 25.
5
Let r(n) = 4*n**2 - 5*n - 6. Let l = -3 - 2. Let c(h) = -h - 9. Let b be c(l). Let y be r(b). Calculate the highest common factor of 13 and y.
13
Let p = 511 + -232. What is the greatest common divisor of 248 and p?
31
Let i = -305 + 369. Calculate the greatest common divisor of i and 1024.
64
Let l be 1*(-28)/8*-4. Let c = 77 + -7. Calculate the greatest common factor of l and c.
14
Let r = 215 - 115. Let l = r + -50. Calculate the greatest common factor of l and 20.
10
Let s be (-2)/8 + (-50)/(-8). Let d be -2*(-4)/((-24)/21). Let a be (-1364)/(-77) - 2/d. Calculate the highest common factor of a and s.
6
Suppose -129 - 381 = -3*v. Calculate the greatest common factor of v and 10.
10
Let i = 12 - 8. What is the greatest common divisor of i and 128?
4
Let i(y) = -3*y**2 - 8*y + 24. Let d be i(0). Suppose 0*r = 2*r - 26. Suppose -2*h - 1 + r = 0. Calculate the greatest common divisor of h and d.
6
Let w(s) be the second derivative of 2*s**4 - 3*s**3/2 + 9*s**2 + 7*s. Let z be w(3). What is the highest common factor of z and 23?
23
Suppose j - 12 = 3. Suppose 4*h - 1 = 15. Let m(s) = 2*s - 2. Let q be m(h). What is the highest common factor of q and j?
3
Suppose 4*q - 26 = -5*j + 4, 0 = j - 5*q + 23. Let i be ((-6)/8)/(j/(-64)). What is the highest common factor of i and 16?
8
Let t = 520 + 260. What is the highest common divisor of 180 and t?
60
Let r = -20 + 23. Suppose -13 = -r*f - 1. What is the highest common factor of 3 and f?
1
Let a be 63/(-252) + 5/4. What is the greatest common divisor of a and 30?
1
Let i(o) = 4*o + 314. Let t be i(45). Calculate the greatest common factor of 26 and t.
26
Let i be 3 + (-62)/20 - 2605/(-50). Suppose 276 - 16 = 2*j. What is the greatest common divisor of j and i?
26
Let k = -16 + 53. Calculate the highest common divisor of 925 and k.
37
Suppose 3*j + 2 = 3*g - 1, 3*g + 5*j - 43 = 0. Let n(q) = -q**2 + 7*q - 5. Let x be n(g). Let h = 3 - x. Calculate the greatest common factor of h and 18.
2
Let r(x) = x**3 + 10*x**2 - 2*x - 3. Let g be r(-10). Let p = -283 + 402. Calculate the highest common factor of g and p.
17
Suppose 0 = 28*b - 36*b + 144. What is the greatest common divisor of 81 and b?
9
Let c be 4/(-1) - -6*1. Suppose 3*m + c*m = 0. Suppose -4*a = 5*u - 59, -u + a + 13 + 6 = m. What is the greatest common divisor of 45 and u?
15
Let c(l) = 2*l + 23. Let q be c(-5). Calculate the highest common factor of q and 26.
13
Let b(a) = -a**3 - 13*a**2 - 12*a + 3. Let y be b(-12). Suppose -y*p + 3*j + 34 = -26, -35 = -p + 4*j. What is the greatest common factor of 3 and p?
3
Suppose 0 = 3*h + h. Suppose h = -4*s + 71 - 259. Let b = s + 110. Calculate the highest common factor of b and 9.
9
Suppose -3*r + t + 11 = -3, r = -3*t - 12. Suppose 88 = 5*k - r*k. Calculate the highest common divisor of 22 and k.
22
Let o be 0 - (0 - (3 + 10)). Let f(i) = 0*i - 8 + 3*i + 3 - 26. Let g be f(o). Calculate the greatest common divisor of 16 and g.
8
Let p be 94/30 - 26/195. What is the highest common factor of 237 and p?
3
Let a be (-2 - 0)/((-10)/25). Suppose 2*q - 3*k - 2*k = -56, 5*q - 5*k + 140 = 0. Let y = 63 + q. Calculate the highest common factor of a and y.
5
Let p be (12/(-8))/(6/(-8)). Suppose -4*f = p*d - 7 - 5, 0 = -3*d - 4*f + 24. What is the highest common factor of d and 18?
6
Suppose 93*x - 720 = 1140. Calculate the greatest common divisor of 184 and x.
4
Let l(p) = -238*p - 377. Let v be l(-4). What is the greatest common factor of 46 and v?
23
Let q(t) = 6*t + 4. Let k be q(-3). Let h = k + 15. Let z be (h - 0)*3/3. What is the greatest common factor of z and 11?
1
Let f be 3 + (-55464)/(-39) + 18/(-117). Calculate the greatest common divisor of f and 95.
95
Let r be (-2)/(-1) - 2/(-1). Suppose -1 = r*b - 9. Suppose 2*q - 8 = -b*q, 0 = -j + 5*q + 12. What is the greatest common divisor of j and 2?
2
Let a be (-8331)/(-15) - 4/10. What is the highest common divisor of a and 30?
15
Let q = -12 + 0. Let t be (q/16)/((-1)/36). Let a(p) = p**2 + 25*p - 113. Let z be a(-29). What is the greatest common factor of t and z?
3
Let j = -866 + 878. Suppose 120 = 5*t - 0*t. Calculate the greatest common factor of t and j.
12
Suppose -16 - 25 = -z. Let m(s) = 6*s**2 + 6*s - 47. Let k be m(6). Calculate the highest common divisor of k and z.
41
Let z = 20 - -15. What is the greatest common factor of z and 40?
5
Let y be (374/4)/(1/2). Suppose 0 = 5*h - y - 1038. Calculate the highest common divisor of h and 35.
35
Let q be (72/(-15))/(2/(-15)). Let u be (-6 + 2)*12/(-16). Suppose 4*d = 3*m + 2*m - 60, -u*m - d + q = 0. Calculate the greatest common factor of 60 and m.
12
Suppose 0 = -2*b + 4*p - 4, 2 = 5*b - 4*p - 6. Suppose -4*k = -4*y + b - 56, -3*y = 5*k - 105. Calculate the highest common factor of 36 and k.
18
Suppose -9 = -8*p - 1. Calculate the highest common divisor of 4 and p.
1
Let y(i) = -7920*i + 99. Let q(r) = -396*r + 5. Let s(f) = -99*q(f) + 5*y(f). Let d be s(-1). What is the greatest common divisor of d and 36?
36
Let g = -102 + 112. What is the highest common factor of g and 90?
10
Suppose -43*c - 1290 + 3999 = 0. Calculate the greatest common factor of 24 and c.
3
Suppose 1650 = 58*c - 36*c. Calculate the highest common divisor of 325 and c.
25
Let k = 501 + -493. What is the greatest common factor of 248 and k?
8
Suppose -63*d + 129 = -62*d. Calculate the highest common divisor of 473 and d.
43
Suppose -4 = 5*q - 39. Suppose 11 = -q*p + 53. What is the highest common factor of p and 48?
6
Let k be 10/(-20) - 99/12*-2. Calculate the greatest common factor of k and 584.
8
Suppose 0 = -2*l + 4*f + 434, 0*l - 4*l + 833 = -f. What is the greates